{"id":69,"date":"2020-09-17T01:37:20","date_gmt":"2020-09-17T01:37:20","guid":{"rendered":"https:\/\/insumedicstore.com\/?page_id=69"},"modified":"2020-09-17T01:43:04","modified_gmt":"2020-09-17T01:43:04","slug":"capacitaciones","status":"publish","type":"page","link":"https:\/\/insumedicstore.com\/index.php\/alexis-quijano\/capacitaciones\/","title":{"rendered":"Capacitaciones"},"content":{"rendered":"\n<figure class=\"wp-block-image\"><img decoding=\"async\" src=\"http:\/\/www.cacecsiso.com\/images\/3SALUDMEDICINA.jpg\" alt=\"\"\/><\/figure>\n\n\n\n<p>CHARLAS PREVENTIVAS<\/p>\n\n\n\n<ul class=\"wp-block-list\"><li>Diabetes Mellitus<\/li><li>Hipertensi\u00f3n Arterial<\/li><li>Enfermedades Gastrointestinales<\/li><li>Colesterol Elevado<\/li><li>Enfermedades Respiratorias<\/li><li>Lumbalgias<\/li><li>Tabaquismo<\/li><li>T\u00e9tanos<\/li><li>Planificaci\u00f3n Familiar, Embarazo.<br>Onicomicosis ( hongos en los dedos, manos y pies )<\/li><\/ul>\n\n\n\n<figure class=\"wp-block-table\"><table><tbody><tr><td><img decoding=\"async\" src=\"http:\/\/www.cacecsiso.com\/images\/headers\/19.png\" alt=\"\"><\/td><\/tr><\/tbody><\/table><figcaption>C<strong>OMITES DE SEGURIDAD Y DELEGADOS DE PREVENCION<\/strong><\/figcaption><\/figure>\n\n\n\n<ul class=\"wp-block-list\"><li>Capacitaci\u00f3n a Comit\u00e9s de Seguridad y Salud Ocupacional (48 horas)<\/li><li>Formaci\u00f3n para Delegados de Prevenci\u00f3n<\/li><li>Principios de Seguridad y Salud Ocupacional<\/li><\/ul>\n\n\n\n<figure class=\"wp-block-image\"><img decoding=\"async\" src=\"http:\/\/www.cacecsiso.com\/images\/headers\/20.png\" alt=\"\"\/><\/figure>\n\n\n\n<p><strong>BRIGADAS CONTRA EMERGENCIAS<\/strong><\/p>\n\n\n\n<ul class=\"wp-block-list\"><li>Definici\u00f3n e Integraci\u00f3n de Brigadas de Emergencias<\/li><li>Evacuaci\u00f3n de Personal<\/li><li>Control y Combate de Incendios<\/li><li>Control de Derrames<\/li><li>Definici\u00f3n y Gesti\u00f3n de Planes de Emergencia<\/li><\/ul>\n\n\n\n<p><\/p>\n","protected":false},"excerpt":{"rendered":"<p>CHARLAS PREVENTIVAS Diabetes Mellitus Hipertensi\u00f3n Arterial Enfermedades Gastrointestinales Colesterol Elevado Enfermedades Respiratorias Lumbalgias Tabaquismo T\u00e9tanos Planificaci\u00f3n Familiar, Embarazo.Onicomicosis ( hongos en los dedos, manos y pies ) COMITES DE SEGURIDAD Y DELEGADOS DE PREVENCION Capacitaci\u00f3n a Comit\u00e9s de Seguridad y Salud Ocupacional (48 horas) Formaci\u00f3n para Delegados de Prevenci\u00f3n Principios de Seguridad y Salud Ocupacional [&hellip;]<\/p>\n","protected":false},"author":1,"featured_media":0,"parent":65,"menu_order":0,"comment_status":"closed","ping_status":"closed","template":"","meta":{"footnotes":""},"class_list":["post-69","page","type-page","status-publish","hentry"],"_links":{"self":[{"href":"https:\/\/insumedicstore.com\/index.php\/wp-json\/wp\/v2\/pages\/69","targetHints":{"allow":["GET"]}}],"collection":[{"href":"https:\/\/insumedicstore.com\/index.php\/wp-json\/wp\/v2\/pages"}],"about":[{"href":"https:\/\/insumedicstore.com\/index.php\/wp-json\/wp\/v2\/types\/page"}],"author":[{"embeddable":true,"href":"https:\/\/insumedicstore.com\/index.php\/wp-json\/wp\/v2\/users\/1"}],"replies":[{"embeddable":true,"href":"https:\/\/insumedicstore.com\/index.php\/wp-json\/wp\/v2\/comments?post=69"}],"version-history":[{"count":2,"href":"https:\/\/insumedicstore.com\/index.php\/wp-json\/wp\/v2\/pages\/69\/revisions"}],"predecessor-version":[{"id":72,"href":"https:\/\/insumedicstore.com\/index.php\/wp-json\/wp\/v2\/pages\/69\/revisions\/72"}],"up":[{"embeddable":true,"href":"https:\/\/insumedicstore.com\/index.php\/wp-json\/wp\/v2\/pages\/65"}],"wp:attachment":[{"href":"https:\/\/insumedicstore.com\/index.php\/wp-json\/wp\/v2\/media?parent=69"}],"curies":[{"name":"wp","href":"https:\/\/api.w.org\/{rel}","templated":true}]}}